 Let d = 6668 - y. Suppose 3*x = x + d. Is x composite?
False
Let t = 428909 + -203465. Suppose 22*l = 10*l + t. Is l a prime number?
True
Let f(b) = 2*b**3 - 18*b**2 + 128*b + 107. Is f(35) a composite number?
True
Is -37214*(95/10)/(-19) composite?
True
Let r(b) = b**2 - 30. Let n be r(-5). Is n + (-2 + 10)/2 - -10344 prime?
True
Let h = 719 - 1224. Let m be h*((-12)/5 - 4). Suppose -5121 = -5*p + a + m, -4*a + 1679 = p. Is p prime?
False
Let z be (-2 + 1)/(12/(-10) - -1). Suppose y = 5*q + 18, 2 = 2*q - 0*q - z*y. Let n(h) = 55*h**2 + h + 1. Is n(q) a composite number?
False
Suppose -2*f = -u - 4630 - 983, -4*f - u = -11229. Suppose -3*l + 15382 = -f. Suppose 2*m = -t - 4*t + l, 0 = -4*t - 5*m + 4864. Is t prime?
False
Let a = -70 + 88. Suppose a*h = -2*h + 86540. Is h prime?
True
Suppose -24*t - 6*t - 60 = 0. Is (-1024106)/(-87) + -1*t/(-6) a composite number?
True
Suppose -6*q = -5*q - 5. Suppose q*a - 13515 - 12360 = 0. Suppose -5*r - 28235 = -5*c - a, c - 4616 = -3*r. Is c composite?
True
Suppose -13*q = -9*q - 8. Let a be (1 - q)/(4/28). Let u(h) = -82*h - 11. Is u(a) a composite number?
False
Let v(t) = 14*t**2 + 7*t + 6. Suppose 6*h = -13 - 11. Let l be v(h). Is ((-20)/15)/4 - l/(-3) prime?
True
Let m(p) = 78801*p**3 - 2*p**2 - 5*p + 9. Is m(1) a composite number?
False
Let v(o) = -282*o**3 + 2*o**2 + 7*o + 13. Let p(f) = -847*f**3 + 6*f**2 + 22*f + 38. Let j(k) = -2*p(k) + 7*v(k). Is j(-4) prime?
False
Let b = 609948 + -54805. Is b a composite number?
False
Let d(i) = -6*i**3 - 2*i**2 + 6*i - 7. Let q(f) = f. Let l(j) = -d(j) - 4*q(j). Is l(6) a prime number?
False
Let p(x) be the first derivative of -x**4/4 - 13*x**3/3 - 7*x**2 - 18*x - 22. Let y be p(-12). Suppose 0 = -y*w + 3930 + 216. Is w composite?
False
Let k(i) = 482*i - 27. Let u be k(18). Let x = u - 2296. Is x a prime number?
True
Let x(c) = 9*c - 28. Let m be x(2). Let y(u) = -3*u**3 - 12*u**2 + 3*u - 9. Is y(m) prime?
False
Let d = -9983 - -19515. Let z = 1665 + d. Is z a composite number?
False
Let b(t) = 317*t - 16. Suppose 0*j - 4*j - 5*d + 53 = 0, -4*d = j - 27. Suppose -21 + 7 = -2*a + r, -j = -a - r. Is b(a) composite?
False
Suppose 848 = -n - 1319. Suppose -4*v = -5*w - 4884, 4*w + 1829 + 2071 = -4*v. Let o = w - n. Is o a prime number?
False
Suppose 4*h = 2*z + 3*z + 11170, -5*h = -5*z - 11165. Let v = z + 3287. Is v prime?
True
Suppose -939*x + 5578255 = -898*x. Is x prime?
False
Is 162619493/498 + 2/(-12) a composite number?
True
Let a(h) be the second derivative of 509*h**3/6 - 175*h**2/2 + 33*h. Is a(6) prime?
True
Suppose -9*k = -3*k + 1818. Let v = 767 - 157. Let h = v + k. Is h prime?
True
Let m(j) = 107812*j + 3211. Is m(4) prime?
True
Let l be ((-9)/(-4))/(0 - 6/(-2672)). Suppose 3 = -y, -5*m = -2*m - 3*y - l. Is m a composite number?
False
Is 33549 - (-30)/(-9)*33/55 a composite number?
False
Suppose -20*c - 19*c = -23*c - 1409264. Is c a prime number?
True
Is (-8963380)/132*-3 - (-48)/(-264) prime?
True
Let q(f) = -f**3 + 17*f**2 - 3*f + 9. Suppose -5*j = -5*k - 15 + 75, 2*k = -2*j + 36. Let a be q(k). Let y = -59 + a. Is y a prime number?
False
Let i(z) be the third derivative of z**5/60 - 23*z**4/24 - 9*z**3/2 - 34*z**2. Is i(-32) a composite number?
False
Let w be 6*8 - (-45)/9. Suppose -4085 = -w*y + 48*y. Is y a composite number?
True
Suppose -135*k + 154694778 = 47431203. Is k a composite number?
True
Let s(k) = 16*k**2 - 47*k**2 + 28*k**2 - 1 + 30*k**2 - k. Suppose 0 = -4*y - 2*j - 26, -4*y - 2*j - 3*j - 35 = 0. Is s(y) a prime number?
False
Let b(y) = -y**3 - 9*y**2 - 22*y - 4. Let r be b(-4). Suppose 3*u - 146 = r*h - 1695, -u = 3*h - 1178. Is h composite?
True
Suppose -408238 = -2*y + 27163 - 52791. Is y a prime number?
False
Suppose -14*c - 4877 = -15*c + 4*n, 0 = -c + 3*n + 4881. Is 2*(c - 2) - (-22 - -23) composite?
False
Let q(o) = o**2 + 21*o + 78. Let x be q(-20). Suppose -x = -p - 47. Is p prime?
True
Suppose 29*a - 457555 - 504056 = 0. Suppose a = -29*m + 32*m. Is m a prime number?
False
Let k(m) = -319*m - 76. Let v(z) = -313*z - 75. Let y(n) = 6*k(n) - 5*v(n). Is y(-20) a composite number?
False
Let n = 812062 + -373673. Is n a prime number?
False
Suppose 1581 = i - 3*n - 1900, -n = 5*i - 17373. Suppose 4*m + 3*t = i, 14 = -4*t + 2. Is m prime?
False
Suppose 7 + 5 = 3*x. Let b be ((-10)/(-2) - 396/72)*(-224 - -2). Suppose -b = -t + x. Is t composite?
True
Let h be 5728/384 - 3/(-36). Is 6/1 - h/60*-51892 composite?
False
Is -81 + 90 + (30807 - 1) composite?
True
Suppose 0 = 3*s + 5*d - 848, -2*s + 657 = d + 87. Let v(x) = -11 - s*x + 0 - 220*x + 51*x. Is v(-2) a prime number?
False
Suppose 21 - 15 = 3*h. Suppose 8 = -c + h*c + 2*v, -5*c = 2*v - 24. Suppose -c*w - 2746 = -2*u, 2*w + 3112 - 9917 = -5*u. Is u a prime number?
False
Suppose -487987 - 2672082 = -11*h. Is h a prime number?
True
Is ((-13968572)/19 + 3)/(-5) prime?
False
Suppose -3*c + 30 = -0. Suppose y = 3*y - c. Suppose -4*n = -y*z - 2306, 0 = -6*z + 11*z - 10. Is n composite?
True
Suppose -10 = 4*r - 22, -4*y = -5*r - 1. Is -1*(y - 5) - 5 - -795 prime?
False
Let b(c) be the third derivative of c**5/30 + c**4/8 + 2*c**3/3 - 8*c**2. Let h be b(3). Let j = -12 + h. Is j composite?
False
Let d(s) = -5466*s. Suppose -8 + 12 = -4*q. Let w be d(q). Suppose w = 3*h - 5439. Is h a prime number?
False
Let h = -19 - -24. Suppose h*o - 1606 = 1149. Suppose -2*i + 4*k + o = -1059, 2425 = 3*i - k. Is i composite?
False
Suppose -4*x = -7*x + 105. Suppose -10*v = -5*v + x. Is ((3 - -2) + v)*1193/(-2) prime?
True
Suppose 4*f + 3*n = 57112, 3*f = -4*n + 19890 + 22937. Is f prime?
True
Suppose 6*a - 5542 = 8582. Let u = a + 2201. Is u prime?
False
Let o be (-111)/(-2*(-6)/(-16)). Suppose 11*x - o = 7*x. Is x a composite number?
False
Let n be 1 + -1 - (-10488 + 9 - -7). Let u = n - 1167. Is u prime?
False
Let w(z) = -1306*z + 615. Is w(-76) a composite number?
False
Suppose 2*y + 2918806 = 13*y. Suppose -21*z - 62129 = -y. Is z a composite number?
False
Let g = -100 + 107. Suppose 6*d - g = 5. Suppose -4*b + 3*b = -o + 2206, -4394 = -d*o - 4*b. Is o prime?
True
Is (-4 - (-90)/27)*(-1792926)/12 a composite number?
False
Suppose 125*t - 46544937 = -104*t. Is t a prime number?
False
Suppose 7*i - 53050 = 2*i. Suppose 2*g - 4*r - i = 0, -g + 3*r = g - 10610. Is g a prime number?
False
Let c be (1 + -1)/(7 + -3 + -1). Suppose -j - 3*j + 2952 = c. Suppose -a - v + j = 0, -4*a + 0*a + 5*v = -2961. Is a a composite number?
False
Suppose 0 = 112*q + 15*q + 36*q - 32299754. Is q composite?
True
Let r(b) = 250*b**3 + 3*b**2 - 3*b + 1. Let o(f) = 9 + 0 - 3*f + 3 + 1. Let i be o(4). Is r(i) a prime number?
True
Let t = 43590 + -11382. Suppose 16*r = -4*n + 18*r + t, -5*n + 40273 = 4*r. Is n prime?
True
Let c(t) = 11*t + 163. Suppose 3*g - 48 = -6. Is c(g) composite?
False
Let h = -15267 + 23686. Is h composite?
False
Let w = 1652 - -206. Suppose -1159 - w = -7*q. Is q a composite number?
False
Let u(n) = n**2 + 6*n - 19. Let g be u(-4). Let x = 1126 + g. Is x prime?
False
Let b = 88347 - 60868. Is b prime?
True
Let k be (-22 + 4)/(-3) - (2 - 0). Suppose n - 25 = -k*t, -3*n + 2*t + 35 = 6*t. Suppose v - 602 = -n*j, 17 = 4*j + 5. Is v a composite number?
False
Let b be -12 - -5 - -4 - 6624/(-2). Suppose 0 = -h + 3*h - d - b, 4*h = -d + 6633. Is h prime?
True
Let c be ((-2)/(-2))/(1/535). Let i = -1399 + 2425. Let t = i - c. Is t composite?
False
Suppose -50*p = -44 - 56. Suppose 25*r = -5*a + 28*r + 9235, p*r = 0. Is a a composite number?
False
Let y be (7 + 28/(-8))*14. Suppose y*b = 55*b - 78198. Is b a composite number?
False
Is (150/200)/(((-12)/(-80))/(20906/5)) a composite number?
True
Suppose 0 = -4*r - 739 + 4403. Let y = 1547 - r. Suppose 4*m = -3*n + y + 412, -4*m + 1033 = n. Is m a composite number?
False
Suppose -2*s + f + 15 = 0, -3*s - f = 2*f. Suppose -3*m = -2*k - 6260 - 25, -s*m + 10475 = 4*k. Is m composite?
True
Let g = 18 + -9. Let h be (-1 - 9)/(7 - g). Is (4870/4)/h*2 prime?
True
Let p = -52643 + 94914. Is p a prime number?
False
Let i(f) = -938*f + 124. Let z be i(6). Let x = z + 16609. Is x a composite number?
True
Let c = -162 + 520. Suppose -12*m = -5390 - c. Is m a composite number?
False
Let i = 156 + -153. Let a be (i/(-5))/((-27)/405). Let f(n) = 3*n**3 - 10*n**2 + 19*